{"id":4388,"date":"2021-12-15T09:17:15","date_gmt":"2021-12-15T08:17:15","guid":{"rendered":"https:\/\/www.domaine-de-gil.com\/faq-items\/faut-il-que-je-prevois-mes-draps\/"},"modified":"2024-12-03T13:23:54","modified_gmt":"2024-12-03T12:23:54","slug":"soll-ich-meine-bettwaesche-planen","status":"publish","type":"avada_faq","link":"https:\/\/www.domaine-de-gil.com\/de\/faq-items\/soll-ich-meine-bettwaesche-planen\/","title":{"rendered":"Soll ich meine Bettw\u00e4sche planen?"},"content":{"rendered":"<p>Bettw\u00e4sche ist nicht im Mietpreis enthalten. Sie k\u00f6nnen diese vor Ort oder zum Zeitpunkt Ihrer Reservierung mieten. Kissen und Bettdecken sind im Mietpreis enthalten.<\/p>\n","protected":false},"excerpt":{"rendered":"<p>Bettw\u00e4sche ist nicht im Mietpreis enthalten. Sie k\u00f6nnen diese vor [&hellip;]<\/p>\n","protected":false},"author":1,"featured_media":0,"menu_order":0,"template":"","format":"standard","meta":{"footnotes":""},"faq_category":[],"class_list":["post-4388","avada_faq","type-avada_faq","status-publish","format-standard","hentry"],"_links":{"self":[{"href":"https:\/\/www.domaine-de-gil.com\/de\/wp-json\/wp\/v2\/avada_faq\/4388","targetHints":{"allow":["GET"]}}],"collection":[{"href":"https:\/\/www.domaine-de-gil.com\/de\/wp-json\/wp\/v2\/avada_faq"}],"about":[{"href":"https:\/\/www.domaine-de-gil.com\/de\/wp-json\/wp\/v2\/types\/avada_faq"}],"author":[{"embeddable":true,"href":"https:\/\/www.domaine-de-gil.com\/de\/wp-json\/wp\/v2\/users\/1"}],"version-history":[{"count":1,"href":"https:\/\/www.domaine-de-gil.com\/de\/wp-json\/wp\/v2\/avada_faq\/4388\/revisions"}],"predecessor-version":[{"id":5586,"href":"https:\/\/www.domaine-de-gil.com\/de\/wp-json\/wp\/v2\/avada_faq\/4388\/revisions\/5586"}],"wp:attachment":[{"href":"https:\/\/www.domaine-de-gil.com\/de\/wp-json\/wp\/v2\/media?parent=4388"}],"wp:term":[{"taxonomy":"faq_category","embeddable":true,"href":"https:\/\/www.domaine-de-gil.com\/de\/wp-json\/wp\/v2\/faq_category?post=4388"}],"curies":[{"name":"wp","href":"https:\/\/api.w.org\/{rel}","templated":true}]}}

Soll ich meine Bettwäsche planen?

<p>Bettwäsche ist nicht im Mietpreis enthalten. Sie können diese vor Ort oder zum Zeitpunkt Ihrer Reservierung mieten. Kissen und Bettdecken sind im Mietpreis enthalten.</p>

<p>Bettwäsche ist nicht im Mietpreis enthalten. Sie können diese vor [&hellip;]</p>
